e number?
False
Let r(n) = 2351 - 2*n + 0*n + 1740. Is r(0) a composite number?
False
Let t be (-2)/(-9) + (-30611)/9. Is 2 - -1 - (t + 13) prime?
True
Let w = 6 - 4. Let f = -13268 + 18050. Suppose w*n - 4336 = f. Is n composite?
True
Suppose l + 5*h + 2418050 = 6*l, -16*h = 2*l - 967238. Is l a composite number?
False
Let u(l) = 92*l**2 + 8 + 2 - 9*l - 7. Let i be u(-10). Let r = 14200 - i. Is r a composite number?
True
Let i(b) = -31 + 6*b**2 + b - 6*b - 3*b**2 + 20. Is i(16) a composite number?
False
Is 1/(-9) + (1678484170/(-3960))/(2/(-16)) composite?
True
Let b be 27/9*(-310)/(-6). Suppose 154*j + 163 = b*j. Is j composite?
False
Is 8 + ((-777)/5)/((-12)/3060) prime?
False
Suppose 4*s - 20*v - 3412346 = -15*v, -4*v - 853103 = -s. Is s prime?
True
Is -108 + 104 - 2/(4/(-98214)) a prime number?
True
Let c = -1946 + 1021. Let d = 627 + c. Let i = -175 - d. Is i composite?
True
Let i(z) = -z**3 - 6*z**2 - 5*z - 12. Let b be i(-5). Is 8836/4 + (b - -6) a prime number?
True
Let d = 1626710 - 250423. Is d a composite number?
True
Suppose 55*n - 10*n = 5688585. Is n composite?
True
Let v(r) = r + 28. Let l be v(-10). Let w be (5/3)/(6/l). Suppose -w*y + 8*y - 18 = 0. Is y prime?
False
Let a(o) = 31*o**2 - 138*o + 61 + o**3 - 136*o + 284*o. Is a(-17) composite?
True
Suppose -m = -2*m + 3. Suppose m*s = -77 + 104. Is 952/s - 5/(225/(-10)) a composite number?
True
Let f = -346489 + 892544. Is f prime?
False
Let z(f) = 2*f - 64. Let u be z(36). Suppose 6*s = s. Suppose -9*n + u*n + 251 = s. Is n a prime number?
True
Is 919929/4*((-806)/93 + 10) a composite number?
False
Let v(j) = 13*j**2 - 21*j + 3. Suppose 3*g + 0*n + 3*n - 36 = 0, -2*n + 6 = 0. Let c(s) = 26*s**2 - 43*s + 6. Let r(a) = g*v(a) - 4*c(a). Is r(-16) prime?
False
Let i be (-16)/(-9) - 44/(-198). Suppose 0 = 5*q, 7*z - i*z + q - 25775 = 0. Is z a composite number?
True
Suppose 341035 = g - a, -4*g - 3*a + 1241967 + 122117 = 0. Is g composite?
False
Suppose -3*p = 5*c - 2933, 4940 = 5*p + 8*c - 10*c. Let a = p - 403. Is a a composite number?
True
Let p be (-20 + -4)/6 + -774. Let a = p + 1392. Is a a composite number?
True
Let c be (-132)/5 - 2/(-5). Let z = -24 - c. Suppose -i - 258 = -z*d - 3*i, i + 125 = d. Is d prime?
True
Is (-193057)/(-2) - (3*2 + 144/(-32)) a prime number?
True
Let z(d) = 2*d**2 + 4*d. Let s be z(-4). Let c be (-44)/s - 2/8. Let n(f) = -172*f - 13. Is n(c) composite?
False
Suppose 0 = 94*a - 10355028 - 56330156 + 8083798. Is a a composite number?
True
Let o be 2/(-2*(-1)/9). Suppose o*w - 9 = -0. Is (3/6)/(w/446) composite?
False
Suppose -4*q + 235949 = -5*b, 5*q - 2*b - 98662 - 196287 = 0. Is q composite?
False
Let q(f) = 17*f**2 + f**2 - 2*f**3 - 2*f**2 + 19032 + 148*f - 19047. Is q(-7) a prime number?
True
Let f(d) = 89*d**2 - 21*d - 38. Let x be f(-19). Suppose 6*u - x = -7944. Is u a prime number?
True
Let a = 251 + -249. Suppose -3*z = 3*x - 7572, a*x - 10*z - 5057 = -15*z. Is x composite?
False
Let h = 11159 + -6769. Let c = h - 2497. Is c prime?
False
Let u be (-13)/(-1) + 3/(-6)*-8. Is (-4)/(-6)*(970938/12)/u composite?
True
Suppose 51*i - 2811315 = 3997236. Is i composite?
True
Suppose -10*x + 965 = -2935. Let k = x + -199. Is k composite?
False
Let b = 2062 + -2047. Let s(j) = -3*j**3 + 30*j**2 - 23*j - 39. Let r(a) = -a**3 + 10*a**2 - 8*a - 13. Let f(q) = 8*r(q) - 3*s(q). Is f(b) a prime number?
True
Let q(l) = 479*l**2 - 36*l - 137. Is q(-6) prime?
False
Let j = 132001 + -68942. Is j composite?
False
Suppose -3*g + 2*f - 3 = 11, -3*f = -12. Let m be (g + -101)*(3 + -4). Let o = 314 - m. Is o prime?
True
Let f(r) = 76*r - 65. Let p(z) = -z - 1. Let b(j) = -f(j) - 5*p(j). Let a be b(-21). Suppose -9*g = -2*g - a. Is g composite?
False
Suppose 18414 - 148284 = 5*t. Let p = 58026 + t. Is 3/6*p/6 a composite number?
False
Let o be (12/14*1)/((-2)/(-14)). Suppose -x + 24 = 5*d, 0 = 4*x - 22 + o. Suppose 6*y = -d*w + 4*y + 364, -5*y = 5*w - 465. Is w a prime number?
True
Let s = 284 + -282. Suppose s*f = 1907 + 2051. Is f a prime number?
True
Suppose v - 4788 = d, 4*d = -3*v + d + 14382. Let s = 2559 - v. Let n = -1411 - s. Is n a composite number?
False
Suppose 31 = k - 0*b + b, -5*k + 4*b + 128 = 0. Suppose 167655 = -13*t + k*t. Is t a prime number?
True
Let q(y) = -60327*y + 815. Is q(-4) a prime number?
False
Let w(v) = 2*v + 9. Let t(i) = 3*i + 19. Let q(h) = 4*t(h) - 7*w(h). Let f be q(8). Is (-2)/(-2)*(254 - f) prime?
True
Suppose j + 13 = -71. Let o = -46 - j. Is o/3*(-6)/4*-17 a prime number?
False
Let n be 4 + (2 + -3 - -3). Suppose -5*q = -r + 4425, 4465 = r + q + 4*q. Suppose v = -n*v + r. Is v prime?
False
Let s = 20563 - 7370. Is s a composite number?
True
Let c be ((-7)/(-28))/(1/148). Suppose -3 = 38*n - c*n. Is 2*((-7052)/(-8) + n) composite?
True
Suppose 147*u - 25796 = 146*u - g, -2*g + 6 = 0. Is u a prime number?
True
Let w = 13 - 13. Let a = -142 - -1560. Suppose -z + a + 1547 = w. Is z a prime number?
False
Suppose 0 = 14*x + 1240203 - 4056317. Is x prime?
True
Suppose -68428 - 26927 = -5*l. Is (-2)/4 - l/(-2) a composite number?
True
Let n(y) = -13*y + 248. Let a be n(-3). Suppose -z + 2 = 5*w, 2*z - z + w = 2. Suppose z*x - 131 - a = 0. Is x a composite number?
True
Suppose 0 = -7*o + 176989 + 48432. Is o prime?
True
Suppose -2*l + 0*l + 8 = 0, -2*k - 32 = -3*l. Is (-4)/k*559605/6 a prime number?
True
Let o = -41 + 51. Let m be (65/o)/((-1)/(-14)). Suppose 2*d = -x - 2*d + m, x - 2*d = 79. Is x prime?
True
Suppose 1 + 11 = 3*w. Let t(v) = v**3 - 4*v**2 - 2*v + 3. Let h be t(w). Is 1*55*(2 + h)/(-3) a prime number?
False
Let x = 2 - -1542. Suppose -850 - x = -6*n. Suppose 2*h - n = 499. Is h a composite number?
False
Let r(z) = -228964*z - 72. Let s be r(17). Let q be -1 - (-4)/6 - s/(-39). Is 4/14 - q/119 a prime number?
True
Suppose -74*k + 2001 = -97*k. Is (k - 5)*(7 + -53) - -5 prime?
False
Suppose 0 = 5*i + 5*u - 411055, 2*i + u + 328854 = 6*i. Is i a composite number?
True
Let n = -6809 + 12016. Is n a prime number?
False
Suppose 0 = -c + 4*c + 2*u - 47650, 2 = -2*u. Let k = -7383 + c. Is k composite?
False
Is 2358973 - (102 - 97)*4*3/30 composite?
True
Suppose 5*p + 18 = -a, 3*p + 0*p = 3. Let j = -13 - a. Suppose 5*t = j*t - 3765. Is t prime?
False
Let l(j) = -j**2 + j + 14. Let c = 78 + -74. Let s be l(c). Suppose m + s*u = 383, -5*m + 3*u - 4*u = -1906. Is m a prime number?
False
Is ((-2)/2)/((-20)/13762740*3) a prime number?
False
Let d = 216 - 119. Let i = -108 + d. Let f(q) = q**3 + 13*q**2 - 14*q - 29. Is f(i) composite?
False
Let y(s) = 327*s**2 - 204*s - 5449. Is y(-26) prime?
True
Suppose -54*v + 58*v - 5484 = -4*b, -5476 = -4*v - 2*b. Suppose -1985 - v = -8*o. Is o a composite number?
False
Suppose -8 + 4 = -2*t. Suppose -t = -0*c + c - l, 4*c + 10 = 5*l. Suppose -3*j - 191 = -5*j + 5*d, 2*j - 4*d - 194 = c. Is j a composite number?
False
Suppose -4*x + 69 + 46 = -5*d, -d = -4*x + 39. Let g(f) = -155*f + 116. Is g(d) prime?
True
Let o(h) = 3 - 6*h - 19 + 1 - 7. Let y be o(0). Let w = y + 435. Is w a prime number?
False
Let t be 424250/175 - (-4)/14*-1. Suppose 3*a - 604 = u + t, u + 3012 = -a. Let v = -1829 - u. Is v a prime number?
True
Let q(a) = 2*a**3 + 8*a + 0*a + 17 - 3*a**3 + 0*a**2 + 9*a**2. Suppose 33 + 3 = 4*l - i, -5*l = 4*i - 45. Is q(l) composite?
False
Let l(n) = 38*n + 6. Let m(q) = 39*q + 6. Let x(y) = 4*l(y) - 5*m(y). Let i be x(-8). Let t = 484 - i. Is t composite?
True
Is 390/(-4680) + (-35746586)/(-24) a composite number?
False
Suppose h = m + 1165469, 3496447 = -82*h + 85*h + 2*m. Is h composite?
True
Let g(y) = 16442*y**2 - 4*y + 1. Is g(-1) composite?
False
Suppose 634863 = 3*m + 10*g - 8*g, -2*g = -5*m + 1058089. Is m a composite number?
False
Let v = -288 + 1114. Let f = v + -1458. Let m = f - -1009. Is m prime?
False
Let b = 26 - 27. Suppose 4*a = 2*a - 72. Is 385/9 - b/(a/(-8)) a prime number?
True
Suppose 97*k + 28*k = 5723821 + 5115304. Is k prime?
False
Let b(a) = 175*a**2 + 17*a + 6. Let d be b(-8). Suppose 2*y + d = -4*y. Is 21/(-42) + y/(-2) a prime number?
False
Let a = 28636 - -38091. Is a prime?
False
Let y(v) = 5*v**2 + 28*v + 55. Let t be y(-20). Let q = 2224 + t. Is q prime?
True
Suppose 1164 = 8*b - 1348. Suppose 17188 = b*i - 310*i. Is i a composite number?
False
Let y =